{"id":51,"date":"2024-08-17T17:21:26","date_gmt":"2024-08-17T17:21:26","guid":{"rendered":"https:\/\/evml.ee\/bowling_uus\/?page_id=51"},"modified":"2026-02-28T21:51:02","modified_gmt":"2026-02-28T21:51:02","slug":"juhendid-vormid","status":"publish","type":"page","link":"https:\/\/evml.ee\/bowling_uus\/juhendid-vormid\/","title":{"rendered":"Juhendid ja vormid"},"content":{"rendered":"\t\t<div data-elementor-type=\"wp-page\" data-elementor-id=\"51\" class=\"elementor elementor-51\" data-elementor-post-type=\"page\">\n\t\t\t\t<div class=\"elementor-element elementor-element-18a934f e-flex e-con-boxed e-con e-parent\" data-id=\"18a934f\" data-element_type=\"container\" data-e-type=\"container\">\n\t\t\t\t\t<div class=\"e-con-inner\">\n\t\t\t\t<div class=\"elementor-element elementor-element-108df221 elementor-widget elementor-widget-text-editor\" data-id=\"108df221\" data-element_type=\"widget\" data-e-type=\"widget\" data-widget_type=\"text-editor.default\">\n\t\t\t\t<div class=\"elementor-widget-container\">\n\t\t\t\t\t\t\t\t\t<ul>\n<li><a title=\"Vormid\" href=\"https:\/\/evml.ee\/bowling_uus\/juhendid-vormid\/vormid-2\/\">Vormid<\/a>\n<ul>\n<li>EVML klubi ja liikme registreerimine<\/li>\n<li>Kalendriv\u00f5istluse registreerimine<\/li>\n<li>ERS v\u00f5istluste paremustulemuste vorm,<\/li>\n<li>AVK jaoks edastatavate tulemuste vorm<\/li>\n<\/ul>\n<\/li>\n<li><a href=\"https:\/\/evml.ee\/bowling_uus\/reeglid\/voistlusmaarused\/\" rel=\"ugc\">V\u00f5istlusm\u00e4\u00e4rused<\/a>\n<ul>\n<li>EVML bowlingu v\u00f5istlusm\u00e4\u00e4rused<\/li>\n<\/ul>\n<\/li>\n<li><a href=\"https:\/\/evml.ee\/bowling_uus\/reeglid\/reitingu-juhend\/\">Reitingu juhend<\/a>\n<ul>\n<li>Eesti bowlingum\u00e4ngijate reitingu juhend<\/li>\n<\/ul>\n<\/li>\n<li><a href=\"https:\/\/evml.ee\/bowling_uus\/reeglid\/kalendri-juhend\/\">Kalendri juhend<\/a>\n<ul>\n<li>Juhend bowlinguv\u00f5istluse l\u00fclitamiseks EVML kalendrisse<\/li>\n<\/ul>\n<\/li>\n<li>Koondis<\/li>\n<\/ul>\n<p><!-- \/wp:list --><\/p>\t\t\t\t\t\t\t\t<\/div>\n\t\t\t\t<\/div>\n\t\t\t\t\t<\/div>\n\t\t\t\t<\/div>\n\t\t\t\t<\/div>\n\t\t","protected":false},"excerpt":{"rendered":"<p>Vormid EVML klubi ja liikme registreerimine Kalendriv\u00f5istluse registreerimine ERS v\u00f5istluste paremustulemuste vorm, AVK jaoks edastatavate tulemuste vorm V\u00f5istlusm\u00e4\u00e4rused EVML bowlingu v\u00f5istlusm\u00e4\u00e4rused Reitingu juhend Eesti bowlingum\u00e4ngijate reitingu juhend Kalendri juhend Juhend [&hellip;]<\/p>\n","protected":false},"author":2,"featured_media":0,"parent":0,"menu_order":0,"comment_status":"closed","ping_status":"closed","template":"","meta":{"_acf_changed":false,"_monsterinsights_skip_tracking":false,"_monsterinsights_sitenote_active":false,"_monsterinsights_sitenote_note":"","_monsterinsights_sitenote_category":0,"footnotes":""},"class_list":["post-51","page","type-page","status-publish","hentry"],"acf":[],"aioseo_notices":[],"_links":{"self":[{"href":"https:\/\/evml.ee\/bowling_uus\/wp-json\/wp\/v2\/pages\/51","targetHints":{"allow":["GET"]}}],"collection":[{"href":"https:\/\/evml.ee\/bowling_uus\/wp-json\/wp\/v2\/pages"}],"about":[{"href":"https:\/\/evml.ee\/bowling_uus\/wp-json\/wp\/v2\/types\/page"}],"author":[{"embeddable":true,"href":"https:\/\/evml.ee\/bowling_uus\/wp-json\/wp\/v2\/users\/2"}],"replies":[{"embeddable":true,"href":"https:\/\/evml.ee\/bowling_uus\/wp-json\/wp\/v2\/comments?post=51"}],"version-history":[{"count":40,"href":"https:\/\/evml.ee\/bowling_uus\/wp-json\/wp\/v2\/pages\/51\/revisions"}],"predecessor-version":[{"id":2232,"href":"https:\/\/evml.ee\/bowling_uus\/wp-json\/wp\/v2\/pages\/51\/revisions\/2232"}],"wp:attachment":[{"href":"https:\/\/evml.ee\/bowling_uus\/wp-json\/wp\/v2\/media?parent=51"}],"curies":[{"name":"wp","href":"https:\/\/api.w.org\/{rel}","templated":true}]}}