{"id":2213,"date":"2026-02-28T21:37:35","date_gmt":"2026-02-28T21:37:35","guid":{"rendered":"https:\/\/evml.ee\/bowling_uus\/?page_id=2213"},"modified":"2026-02-28T21:43:18","modified_gmt":"2026-02-28T21:43:18","slug":"vormid-2","status":"publish","type":"page","link":"https:\/\/evml.ee\/bowling_uus\/juhendid-vormid\/vormid-2\/","title":{"rendered":"Vormid"},"content":{"rendered":"\t\t<div data-elementor-type=\"wp-page\" data-elementor-id=\"2213\" class=\"elementor elementor-2213\" data-elementor-post-type=\"page\">\n\t\t\t\t<div class=\"elementor-element elementor-element-e070638 e-flex e-con-boxed e-con e-parent\" data-id=\"e070638\" data-element_type=\"container\" data-e-type=\"container\">\n\t\t\t\t\t<div class=\"e-con-inner\">\n\t\t\t\t<div class=\"elementor-element elementor-element-e64dc95 elementor-widget elementor-widget-text-editor\" data-id=\"e64dc95\" data-element_type=\"widget\" data-e-type=\"widget\" data-widget_type=\"text-editor.default\">\n\t\t\t\t<div class=\"elementor-widget-container\">\n\t\t\t\t\t\t\t\t\t<h4><span style=\"color: inherit; font-family: inherit; font-size: 1rem;\">1. <\/span><b style=\"color: inherit; font-family: inherit; font-size: 1rem;\">EVML liikme registreerimine<\/b><\/h4>\n<p>Lae alla taotluse vorm: <a title=\"EVML-Liikme-registreerimine\" href=\"https:\/\/evml.ee\/bowling_uus\/wp-content\/uploads\/2024\/09\/EVML-Liikme-registreerimine.pdf\" target=\"_blank\" rel=\"noopener\">EVML-Liikme-registreerimine<\/a><br><a target=\"\" rel=\"\">Uue EVML liikme registreerimise taotlus<\/a><br>Pdf faili v\u00e4ljad on t\u00e4idetavad.&nbsp;T\u00e4ida see \u00e4ra ning saada e-postile&nbsp;<a><b>liikmed@evml.ee<\/b><br><\/a>Klubi tasub iga uue EVML-is registreeritava t\u00e4iskasvanud m\u00e4ngija eest 30 eurot, noor ja veteran m\u00e4ngija eest 25 eurot, juuniori (kuni 18.aastased) eest 15 eurot.<\/p>\n<h6>2. <b>EVML klubi registreerimine<\/b><\/h6>\n<p>Lae alla taotluse vorm: <a title=\"EVML_Klubi_registreerimine\" href=\"https:\/\/evml.ee\/bowling_uus\/wp-content\/uploads\/2024\/09\/EVML_Klubi_registreerimine.pdf\" target=\"_blank\" rel=\"noopener\">EVML_Klubi_registreerimine<\/a><br><a target=\"\" rel=\"\">Uue klubi registreerimise taotlus<\/a><br>Pdf faili v\u00e4ljad on t\u00e4idetavad.&nbsp;T\u00e4ida see \u00e4ra ning saada e-postile&nbsp;<a>bowling@evml.ee<br><\/a>EVML-i aastamaks on 150 eurot klubi eest pluss 30 eurot iga t\u00e4iskasvanud \u00fcksikliikme eest, 25 eurot iga noore ja veterani eest ja 15 eurot iga juuniori (kuni 18.aastased) eest.<\/p>\n<h6>3. <b>Kalendriv\u00f5istluse registreerimine<\/b><\/h6>\n<p>Lae alla taotluse vorm: <a title=\"EVML_Kalendrivistluse_registreerimine\" href=\"https:\/\/evml.ee\/bowling_uus\/wp-content\/uploads\/2024\/09\/EVML_Kalendrivistluse_registreerimine.pdf\" target=\"_blank\" rel=\"noopener\">EVML_Kalendrivistluse_registreerimine<\/a><br><a target=\"\">Kalendriv\u00f5istluse taotlus<\/a><br>T\u00e4ida see \u00e4ra ning saada e-postile&nbsp;<a>bowling@evml.ee<\/a><\/p>\n<h6>4. <b>ERS v\u00f5istluse paremustulemuste vorm<\/b><\/h6>\n<p>Lae alla exceli n\u00e4idisfailid:&nbsp;<br><a title=\"ERS-tulemused-eraldi-arvestus\" href=\"https:\/\/evml.ee\/bowling_uus\/wp-content\/uploads\/2024\/09\/ERS-tulemused-eraldi-arvestus.xlsx\" target=\"_blank\" rel=\"noopener\">ERS-tulemused-eraldi-arvestus<\/a><br><a title=\"ERS-tulemused-yhine-arvestus\" href=\"https:\/\/evml.ee\/bowling_uus\/wp-content\/uploads\/2024\/09\/ERS-tulemused-yhine-arvestus.xlsx\" target=\"_blank\" rel=\"noopener\">ERS-tulemused-yhine-arvestus<\/a><br><a target=\"\">Eraldi arvestus meestele ja naistele<\/a><br><a>\u00dchise arvestusega<\/a><br>ERS v\u00f5istluse tulemused tuleb saada e-postile <a>tulemused-bowling@evml.ee<br><strong>NB!<\/strong> <strong>V\u00f5istluse kohtunik peab 300 punktisest tulemusest EVML-i teavitama kirjalikult 7 p\u00e4eva jooksul. Siis l\u00e4heb see tulemus kirja 300 klubi arvestusse.<\/strong><\/a><\/p>\n<h6>5. <b>AVK jaoks edastatavate tulemuste vorm<\/b><\/h6>\n<p>Lae alla exceli n\u00e4idisfail: <a title=\"AVK-voistlusenimi\" href=\"https:\/\/evml.ee\/bowling_uus\/wp-content\/uploads\/2024\/09\/AVK-voistlusenimi.xlsx\" target=\"_blank\" rel=\"noopener\">AVK-voistlusenimi<\/a><br><a target=\"\">Tulemused AVK jaoks<\/a><br>Fail tuleb saata e-postile <a>tulemused-bowling@evml.ee<\/a><br>Tulbad &#8220;&#8221;T\u00e4psustus&#8221;&#8221; ja &#8220;&#8221;Sugu&#8221;&#8221; pole kohustuslikud. V\u00e4ga oluline on, et inimese nimed oleksid \u00f5ige kirjapildiga. Tulba &#8220;&#8221;Seeria nr&#8221;&#8221; j\u00e4rgi saab fikseerida seeriate j\u00e4rjekorra kui \u00fchel kuup\u00e4eval on samal m\u00e4ngijal mitmeid seeriaid. Seeriaks loetakse j\u00e4rjestikuseid m\u00e4nge&#8230; ehk n\u00e4iteks finaalmat\u0161ide puhul on iga uue mat\u0161i m\u00e4ngud uus seeria. Samas n\u00e4iteks Round-Robin stiilis mat\u0161id on terve round-robin \u00fcks seeria.<\/p>\t\t\t\t\t\t\t\t<\/div>\n\t\t\t\t<\/div>\n\t\t\t\t\t<\/div>\n\t\t\t\t<\/div>\n\t\t\t\t<\/div>\n\t\t","protected":false},"excerpt":{"rendered":"<p>1. EVML liikme registreerimine Lae alla taotluse vorm: EVML-Liikme-registreerimineUue EVML liikme registreerimise taotlusPdf faili v\u00e4ljad on t\u00e4idetavad.&nbsp;T\u00e4ida see \u00e4ra ning saada e-postile&nbsp;liikmed@evml.eeKlubi tasub iga uue EVML-is registreeritava t\u00e4iskasvanud m\u00e4ngija eest [&hellip;]<\/p>\n","protected":false},"author":2,"featured_media":0,"parent":51,"menu_order":1,"comment_status":"closed","ping_status":"closed","template":"","meta":{"_acf_changed":false,"_monsterinsights_skip_tracking":false,"_monsterinsights_sitenote_active":false,"_monsterinsights_sitenote_note":"","_monsterinsights_sitenote_category":0,"footnotes":""},"class_list":["post-2213","page","type-page","status-publish","hentry"],"acf":[],"aioseo_notices":[],"_links":{"self":[{"href":"https:\/\/evml.ee\/bowling_uus\/wp-json\/wp\/v2\/pages\/2213","targetHints":{"allow":["GET"]}}],"collection":[{"href":"https:\/\/evml.ee\/bowling_uus\/wp-json\/wp\/v2\/pages"}],"about":[{"href":"https:\/\/evml.ee\/bowling_uus\/wp-json\/wp\/v2\/types\/page"}],"author":[{"embeddable":true,"href":"https:\/\/evml.ee\/bowling_uus\/wp-json\/wp\/v2\/users\/2"}],"replies":[{"embeddable":true,"href":"https:\/\/evml.ee\/bowling_uus\/wp-json\/wp\/v2\/comments?post=2213"}],"version-history":[{"count":7,"href":"https:\/\/evml.ee\/bowling_uus\/wp-json\/wp\/v2\/pages\/2213\/revisions"}],"predecessor-version":[{"id":2222,"href":"https:\/\/evml.ee\/bowling_uus\/wp-json\/wp\/v2\/pages\/2213\/revisions\/2222"}],"up":[{"embeddable":true,"href":"https:\/\/evml.ee\/bowling_uus\/wp-json\/wp\/v2\/pages\/51"}],"wp:attachment":[{"href":"https:\/\/evml.ee\/bowling_uus\/wp-json\/wp\/v2\/media?parent=2213"}],"curies":[{"name":"wp","href":"https:\/\/api.w.org\/{rel}","templated":true}]}}